{"id":119,"date":"2014-08-03T17:54:43","date_gmt":"2014-08-03T20:54:43","guid":{"rendered":"http:\/\/bridgelogistica.cl\/?page_id=119"},"modified":"2020-11-03T14:23:51","modified_gmt":"2020-11-03T17:23:51","slug":"acerca-de-bridge","status":"publish","type":"page","link":"https:\/\/bridgelogistica.cl\/?page_id=119","title":{"rendered":""},"content":{"rendered":"<div id=\"link-target\"><\/div>\n<h2>Acerca de Bridge<\/h2>\n<p>&nbsp;<\/p>\n<h4 style=\"text-align: justify;\"><strong><span style=\"color: #ff9900;\">\u00abSomos una empresa 100% independiente, sin alianzas y sin relaci\u00f3n alguna con proveedores, fabricantes, distribuidores e integradores de equipamientos y\/o tecnolog\u00edas asociadas al apoyo de la log\u00edstica\u00bb<\/span><\/strong><\/h4>\n<h1 style=\"text-align: center;\"><span style=\"color: #3366ff;\"><strong>\u00bfPor qu\u00e9 Bridge?<\/strong><\/span><\/h1>\n<h5><\/h5>\n<h5 style=\"text-align: justify; padding-left: 30px;\"><span style=\"color: #808080;\"><strong><span style=\"color: #ff9900;\">&#8211;<\/span><\/strong> Porque con nuestra vasta experiencia agregamos valor a la compa\u00f1\u00eda y ponemos la mayor parte de su \u00e9nfasis en el negocio y la problem\u00e1tica del mismo, en relaci\u00f3n y foco de la log\u00edstica<\/span><\/h5>\n<h5 style=\"text-align: justify; padding-left: 30px;\"><span style=\"color: #808080;\"><strong><span style=\"color: #ff9900;\">&#8211;<\/span><\/strong> Porque visualizamos y analizamos tanto los problemas f\u00edsicos (layout, equipamiento, zonas, etc.), como los problemas l\u00f3gicos (procesos, procedimientos, sistemas, etc.)<\/span><\/h5>\n<h5 style=\"text-align: justify; padding-left: 30px;\"><span style=\"color: #808080;\"><strong><span style=\"color: #ff9900;\">&#8211;<\/span><\/strong> Porque m\u00e1s del 80% de la actividades a desarrollar durante el proyecto la realizar\u00e1n sus socios, que ya ha se han visto enfrentado en m\u00faltiples oportunidades a estos desaf\u00edos y problem\u00e1tica<\/span><\/h5>\n<h5 style=\"text-align: justify; padding-left: 30px;\"><span style=\"color: #808080;\"><strong><span style=\"color: #ff9900;\">&#8211;<\/span><\/strong> Nuestro conocimiento del terreno y f\u00e1cil relacionamiento con el personal operativo, nos permite obtener la informaci\u00f3n en forma m\u00e1s exacta, directamente desde la fuente<\/span><\/h5>\n<h5 style=\"text-align: justify; padding-left: 30px;\"><span style=\"color: #808080;\"><strong><span style=\"color: #ff9900;\">&#8211;<\/span><\/strong> Apoyamos a las Organizaciones en la identificaci\u00f3n continua de soluciones y mejoras, buscando optimizar la compleja interacci\u00f3n entre su estructura, procesos y sistemas tecnol\u00f3gicos asociados, a la medida de cada compa\u00f1\u00eda.<\/span><\/h5>\n<p style=\"text-align: justify; padding-left: 30px;\">\n","protected":false},"excerpt":{"rendered":"<p>Acerca de Bridge &nbsp; \u00abSomos una empresa 100% independiente, sin alianzas y sin relaci\u00f3n alguna con proveedores, fabricantes, distribuidores e integradores de equipamientos y\/o tecnolog\u00edas asociadas al apoyo de la log\u00edstica\u00bb \u00bfPor qu\u00e9 Bridge? &#8211; Porque con nuestra vasta experiencia agregamos valor a la compa\u00f1\u00eda y ponemos la mayor parte de su \u00e9nfasis en el&hellip; <a href=\"https:\/\/bridgelogistica.cl\/?page_id=119\">Continue reading&#8230;<\/a><\/p>\n","protected":false},"author":1,"featured_media":23,"parent":0,"menu_order":0,"comment_status":"closed","ping_status":"closed","template":"","meta":{"footnotes":""},"class_list":["post-119","page","type-page","status-publish","has-post-thumbnail","hentry"],"_links":{"self":[{"href":"https:\/\/bridgelogistica.cl\/index.php?rest_route=\/wp\/v2\/pages\/119","targetHints":{"allow":["GET"]}}],"collection":[{"href":"https:\/\/bridgelogistica.cl\/index.php?rest_route=\/wp\/v2\/pages"}],"about":[{"href":"https:\/\/bridgelogistica.cl\/index.php?rest_route=\/wp\/v2\/types\/page"}],"author":[{"embeddable":true,"href":"https:\/\/bridgelogistica.cl\/index.php?rest_route=\/wp\/v2\/users\/1"}],"replies":[{"embeddable":true,"href":"https:\/\/bridgelogistica.cl\/index.php?rest_route=%2Fwp%2Fv2%2Fcomments&post=119"}],"version-history":[{"count":11,"href":"https:\/\/bridgelogistica.cl\/index.php?rest_route=\/wp\/v2\/pages\/119\/revisions"}],"predecessor-version":[{"id":281,"href":"https:\/\/bridgelogistica.cl\/index.php?rest_route=\/wp\/v2\/pages\/119\/revisions\/281"}],"wp:featuredmedia":[{"embeddable":true,"href":"https:\/\/bridgelogistica.cl\/index.php?rest_route=\/wp\/v2\/media\/23"}],"wp:attachment":[{"href":"https:\/\/bridgelogistica.cl\/index.php?rest_route=%2Fwp%2Fv2%2Fmedia&parent=119"}],"curies":[{"name":"wp","href":"https:\/\/api.w.org\/{rel}","templated":true}]}}